t the prime factors of w.
67
What are the prime factors of (-8)/14 - (-6157800)/1050?
2, 733
Let t(b) = -2*b - 2. Let i be 1 + 0 - (-27)/(-9). Let g be t(i). Suppose 4*m - 47 = 8*s - 3*s, -4*m + 82 = g*s. List the prime factors of m.
2, 3
Let o(m) = -m**3 - 8*m**2 + 34*m + 35. List the prime factors of o(-13).
2, 3, 73
Let p(w) = -w**3 + 2*w**2 + 15*w + 7. Let i(o) = o**2 + o + 1. Let y(k) = 4*i(k) - p(k). What are the prime factors of y(-4)?
3
Suppose 22 = -10*q + 12. Let b(a) = -24*a**2 + 8*a - 4. Let g(m) = -m**2 + m - 1. Let z(v) = -b(v) + 6*g(v). List the prime factors of z(q).
2, 3
Let u = -254 - -567. What are the prime factors of u?
313
Suppose 0 = 5*g + 10, -19*g + 675 = 3*s - 22*g. List the prime factors of s.
223
Suppose -50*j + 46*j + 2328 = 0. Suppose j = 9*s + 141. What are the prime factors of s?
7
Suppose -23*c + 26*c = 468. List the prime factors of c.
2, 3, 13
Let t be (-5)/20 + (0 - (-26)/8). Let b(q) = 2*q. Let i be b(1). Suppose -i*h = r + t*h + 7, -h - 43 = -3*r. List the prime factors of r.
13
Suppose 4*h = b + 11, b = -h + 6*b - 2. Suppose -m = -j - 5, -3*m - h*j + 9 = -24. What are the prime factors of 4/(m + -4)*27?
3
Suppose -5638 = -5*x + 1537. What are the prime factors of x?
5, 7, 41
Let o be 117/(-4)*-2*2. Let l = o + -81. Let j = l - -23. List the prime factors of j.
59
Let n be (10/6)/(6/36). Let a = n + -30. List the prime factors of (-574)/(-10) - (-8)/a.
3, 19
Suppose -7*a + 5*a = 222. Let j = a + 175. What are the prime factors of j?
2
List the prime factors of (15 + -1195)/(-3 - (-1 + -1)).
2, 5, 59
Suppose 0 = -1975*d + 1978*d - 7575. What are the prime factors of d?
5, 101
Let g be (-2)/(176/(-112) - 8/(-14)). Suppose 3*x - 5*z + 0*z - 679 = 0, g*z = 3*x - 673. List the prime factors of x.
223
Suppose c - 5*b = 284, 5*c - 2*b - 1420 = -b. Suppose 2*v + 4*y = c, v + 15 = 4*y + 175. What are the prime factors of v?
2, 37
Suppose -4*g + n + 2*n + 3 = 0, -3*g + 3 = -3*n. Let a be 2 + g + (-9)/(-9). Suppose a*h - 6 = 42. What are the prime factors of h?
2
Suppose 7*x - 51 = 6*x. Suppose -8*i + x = -7*i. List the prime factors of i.
3, 17
Let z = -64 - -436. List the prime factors of z.
2, 3, 31
Let x = -1256 - -1788. List the prime factors of x.
2, 7, 19
Let b(c) = c**3 + 13*c**2 - 37*c + 30. What are the prime factors of b(-14)?
2, 11
Let f be (-555)/3*(-6)/10 - 2. Suppose 0 = 3*u - 692 - f. List the prime factors of u.
3, 89
Let x = -11 + 39. Suppose -3*n = -5*s + 85, -19 = -s + 3*n - 2*n. What are the prime factors of (-4)/s + 652/x?
23
Suppose -10452 = 13*k - 25454. List the prime factors of k.
2, 577
Let j(k) be the first derivative of 0*k**2 - 4*k**2 + 3 + 5*k**2 - 5 - 14*k. What are the prime factors of j(10)?
2, 3
Let w be (-3)/(-12) + (-1242)/(-24). Let i = w + -31. What are the prime factors of i?
3, 7
Let d = -217 + 214. Let l(f) be the third derivative of -f**6/120 + f**5/20 - f**4/8 + f**3/6 + f**2. What are the prime factors of l(d)?
2
Let h(a) = a**3 + 14*a**2 - 37*a - 33. List the prime factors of h(-15).
3, 11
Suppose -h - 3 = 0, -u = -2*u - 2*h + 266. Let t = 471 - u. Suppose g = -5*w + t, 5*w - 129 = -2*g + 69. What are the prime factors of w?
2, 5
Let t = -1129 - -2259. What are the prime factors of t?
2, 5, 113
Let v(b) = -b**3 - b + 66. Suppose -4*r + 8 = -5*c, -5*c + 5*r + 5 = 15. What are the prime factors of v(c)?
2, 3, 11
Let f(i) = -i**3 + 10*i**2 - 8*i + 5. Let n be f(9). Let c be (-2 + -1 - n) + -3. What are the prime factors of 227/5 - (-8)/c?
3, 5
Let g = 1395 + -523. List the prime factors of g.
2, 109
Let n(w) be the second derivative of -3/2*w**3 - w + 0 + 0*w**2. List the prime factors of n(-3).
3
Let m(k) = 7*k**2 + 8*k + 4*k**3 - 10*k - 5 - 7*k**3 + 2*k**3. Let w(j) = j**2 + 2*j - 3. Let p be w(2). What are the prime factors of m(p)?
5, 7
Let g = -27 + -61. Let r = -64 - g. List the prime factors of r.
2, 3
Suppose -2*b + 4 = -a, -b = -3*a - 5*b + 18. Suppose 5*y - 2*y - 45 = 0. Suppose -a*h + 4*x + 37 = y, 5*x = h - 11. What are the prime factors of h?
11
Suppose -q - s + 742 = 0, 0*s = -3*q + s + 2218. Suppose -4*z - 504 = 4*u, -4*u + 231 = -z + q. Let v = -55 - u. List the prime factors of v.
2, 3
Suppose -3*l + 267 = 4*r, 5*r - 3*l - 135 = 192. Suppose r = g - 128. List the prime factors of g.
2, 97
Suppose -4*m - 3*q = -2*q - 25, -3*m + 22 = 4*q. Suppose m*f + 64 = 7*f. What are the prime factors of f?
2
Let y(l) = 3*l**2 - 4*l**2 - 6*l + l**2 + l**2 + 6. Let h be y(5). List the prime factors of (2 + h)*(11 - -1).
2, 3
Let f be 1/(-2) - (-1)/2. Let d be 0/(2/(2/1)). Suppose d = s + 8 - 3, -i + s + 36 = f. What are the prime factors of i?
31
Suppose 2*z + 279 = 3763. What are the prime factors of z?
2, 13, 67
Let k(b) = 777*b**3 + b**2 + 3*b - 3. Let g be k(1). List the prime factors of 10/(-8) + 2 + g/8.
2, 7
List the prime factors of (-288)/(-60)*1030/8.
2, 3, 103
Let i(x) = x**3 - 4*x**2 - 6*x - 6. Let j be i(5). Let v = -3 - j. Suppose 0 = 2*r + u - 64, -4*r + 2*u + 136 = -v. What are the prime factors of r?
2, 17
Suppose 11 = -2*s + 5, 4*q + 2*s - 25382 = 0. What are the prime factors of q?
11, 577
Suppose 3*z - 336 = 180. What are the prime factors of z?
2, 43
Let k(m) = m**3 + 11*m**2 - 38*m - 33. What are the prime factors of k(-8)?
463
Suppose 5*p + 3*s - 3998 = 0, -24*s = -4*p - 26*s + 3200. What are the prime factors of p?
2, 401
Suppose 5*p = 4 + 11. Let n(z) = z**3 + 5*z**2 - 14*z**2 - 10 + 0*z**p - 6*z + 34. List the prime factors of n(10).
2
Let d(j) = j**2 - 2*j - 5. Let x be d(4). Suppose 0 = x*k + 4*a - 3*a - 76, -k + 2*a + 37 = 0. What are the prime factors of k?
3
Suppose -2*z - 7 + 45 = -3*t, -5*t - 34 = 4*z. Let j be 32/(-40)*t/4. Suppose 4*r + 78 = 3*p - 34, -4*p + 142 = j*r. List the prime factors of p.
2, 3
Suppose 20 = 2*s + 3*s. Suppose p = -2*w - 2*w + 161, 0 = -4*p + s*w + 664. Suppose -4*g - 163 = -5*t, 2*t - 5*g = -3*t + p. What are the prime factors of t?
31
Suppose 0 = -5*w - 8 + 18. Suppose 31 = p + 2*f, -p + w*f + 25 = f. What are the prime factors of (p - -9)*8/6?
2, 3
Suppose -5*x = -3*x - w + 4, 5*w = 3*x + 13. Let o(g) = -11*g. Let a be o(-1). What are the prime factors of 2/(x - a/(-10))?
2, 5
Suppose 255 = 3*u - 4*n, -u + 51 = 2*n - 24. Let f be 2/9 - (-144)/u. Suppose 0 = f*m + s - 95, m - 45 = 5*s - 3*s. What are the prime factors of m?
47
Suppose 2*i + 2*m - 2 = i, -4*i + 5*m = -34. List the prime factors of -2 - (-308)/20 - i/(-10).
2, 7
Suppose -566 = -5*v + 894. What are the prime factors of v?
2, 73
Let q(w) be the third derivative of w**5/12 - w**4/12 - 2*w**3/3 - 16*w**2. List the prime factors of q(-2).
2, 5
Let c = 4 - 4. Let v(t) = 16*t. Let a be v(1). Suppose c = 4*q + 4 - a. List the prime factors of q.
3
Let s = -539 + 911. What are the prime factors of s?
2, 3, 31
Let s(z) = -471*z + 28. List the prime factors of s(-4).
2, 239
Let h(u) = -16*u**3 - 1. Suppose -2*l + 5 = -7*l. List the prime factors of h(l).
3, 5
Suppose 3*s + 2*x - 98 = 0, 8*s + x - 100 = 5*s. List the prime factors of s.
2, 17
Suppose g = 2*j + 256, -j + 808 = 3*g + j. List the prime factors of g.
2, 7, 19
Let t be -4*(-12)/16 + 15. Suppose -12 = 2*g - t. Suppose -g*l = -4*l + 62. What are the prime factors of l?
2, 31
Suppose -3*n + 44*c - 43*c = -10870, 2*c - 18124 = -5*n. What are the prime factors of n?
2, 3, 151
Suppose -10*q = 33 + 37. List the prime factors of 330 + q/((-42)/(-18)).
3, 109
Let n(p) = 17*p + 3. Let d be n(3). Suppose -f = -4*f - d. What are the prime factors of (6/f)/((-2)/246)?
41
Let p = -1769 + 2612. List the prime factors of p.
3, 281
Let p(y) = y + 3. Let c be 12/2*5/10. Suppose -43 = -4*r - c. What are the prime factors of p(r)?
13
Suppose -11*k - 1785 = -7582. List the prime factors of k.
17, 31
Suppose 4*p + 13 = -x, 3*x + 14 = -5*p + 3. Let k(t) = -57*t - 10. List the prime factors of k(p).
2, 109
Let j be ((-1)/(-2))/((-3)/(-78)). Let f(u) = 2*u + 7. What are the prime factors of f(j)?
3, 11
Suppose 3*u = 2*s - 36 - 45, u + 170 = 5*s. Let t = s + -29. What are the prime factors of t?
2
Let j be -4 - (4 + -6 + -4). Suppose j*a = a - 3*s + 2, 6 = 3*a - 2*s. Suppose a*p = 96 - 10. List the prime factors of p.
43
Let r be -4 + -1 + 3 + -2 + 7. Suppose 4*s + 76 + 52 = o, o - 107 = -r*s. What are the prime factors